{"id":78,"date":"2023-08-29T16:49:42","date_gmt":"2023-08-29T14:49:42","guid":{"rendered":"http:\/\/bocsfil.cluster029.hosting.ovh.net\/?page_id=78"},"modified":"2025-04-25T01:09:15","modified_gmt":"2025-04-24T23:09:15","slug":"le-club","status":"publish","type":"page","link":"https:\/\/bocsfighting.com\/","title":{"rendered":"Le club"},"content":{"rendered":"\t\t<div data-elementor-type=\"wp-page\" data-elementor-id=\"78\" class=\"elementor elementor-78\">\n\t\t\t\t\t\t<section class=\"elementor-section elementor-top-section elementor-element elementor-element-4236cc0 elementor-section-boxed elementor-section-height-default elementor-section-height-default\" data-id=\"4236cc0\" data-element_type=\"section\" data-e-type=\"section\">\n\t\t\t\t\t\t<div class=\"elementor-container elementor-column-gap-default\">\n\t\t\t\t\t<div class=\"elementor-column elementor-col-100 elementor-top-column elementor-element elementor-element-6745979\" data-id=\"6745979\" data-element_type=\"column\" data-e-type=\"column\">\n\t\t\t<div class=\"elementor-widget-wrap elementor-element-populated\">\n\t\t\t\t\t\t<div class=\"elementor-element elementor-element-7db22a3 elementor-widget__width-initial elementor-widget-tablet__width-initial elementor-widget-mobile__width-initial elementor-widget elementor-widget-text-editor\" data-id=\"7db22a3\" data-element_type=\"widget\" data-e-type=\"widget\" data-widget_type=\"text-editor.default\">\n\t\t\t\t<div class=\"elementor-widget-container\">\n\t\t\t\t\t\t\t\t\t<div><div data-id=\"7066fc7e\" data-element_type=\"widget\" data-model-cid=\"c34\" data-widget_type=\"text-editor.default\"><div><div data-elementor-setting-key=\"editor\" data-elementor-inline-editing-toolbar=\"advanced\"><div>\u00a0<\/div><div><strong>Pr\u00e9sid\u00e9e par une femme, Boc\u2019s Fighting d\u00e9fend des valeurs telle que l\u2019\u00e9galit\u00e9, la\u00a0 mixit\u00e9 et le respect de soi et des autres.<\/strong>\u00a0 Cr\u00e9\u00e9 en 2014 \u00e0 l\u2019initiative de Ari\u00e9tou CAMARA et Samba BOCAR titulaire du BPJEPS sport de contact et du DEJEPS ASEC, BOC\u2019S FIGHTING compos\u00e9e de 15 membres \u00e0 ses d\u00e9buts compte aujourd\u2019hui plus de 250 adh\u00e9rents.<\/div><p>Si la pratique en loisir repr\u00e9sente le gros\u00a0\u00a0 des licenci\u00e9s, la comp\u00e9tition est \u00e9galement bien repr\u00e9sent\u00e9e. La derni\u00e8re saison 2022-2023, les jeunes combattants du club ont pu s\u2019illustrer dans plusieurs comp\u00e9titions d\u2019envergure r\u00e9gional ou national (kickboxing, K1rules, Grappling et MMA).<\/p><p>Le cardio-fighting alliant renforcement musculaire et exercice li\u00e9 au<br \/>kickboxing\u00a0\u00a0\u00a0 est un concept que nous mis en place depuis 2016. Avec<br \/>une soixantaine de pratiquantes, cette activit\u00e9 sportive rencontre \u00e9galement un succ\u00e8s grandissant.<\/p><p><strong>B<\/strong><b>oc\u2019s Fighting\u00a0<\/b> est affili\u00e9 \u00e0 la <strong>FFKMDA<\/strong>\u00a0ainsi qu&#8217;\u00e0 la <strong>FMMAF<\/strong> ce qui lui permet de participer<br \/>aux diverses comp\u00e9titions organis\u00e9 par ces f\u00e9d\u00e9rations d\u00e9l\u00e9gataires.<\/p><\/div><\/div><\/div><\/div>\t\t\t\t\t\t\t\t<\/div>\n\t\t\t\t<\/div>\n\t\t\t\t\t<\/div>\n\t\t<\/div>\n\t\t\t\t\t<\/div>\n\t\t<\/section>\n\t\t\t\t<section class=\"elementor-section elementor-top-section elementor-element elementor-element-1b86d07 elementor-section-boxed elementor-section-height-default elementor-section-height-default\" data-id=\"1b86d07\" data-element_type=\"section\" data-e-type=\"section\">\n\t\t\t\t\t\t<div class=\"elementor-container elementor-column-gap-default\">\n\t\t\t\t\t<div class=\"elementor-column elementor-col-100 elementor-top-column elementor-element elementor-element-768af68\" data-id=\"768af68\" data-element_type=\"column\" data-e-type=\"column\">\n\t\t\t<div class=\"elementor-widget-wrap elementor-element-populated\">\n\t\t\t\t\t\t<div class=\"elementor-element elementor-element-ddecf90 elementor-widget elementor-widget-heading\" data-id=\"ddecf90\" data-element_type=\"widget\" data-e-type=\"widget\" data-widget_type=\"heading.default\">\n\t\t\t\t<div class=\"elementor-widget-container\">\n\t\t\t\t\t<h2 class=\"elementor-heading-title elementor-size-default\">Laissez nous un message<\/h2>\t\t\t\t<\/div>\n\t\t\t\t<\/div>\n\t\t\t\t\t<\/div>\n\t\t<\/div>\n\t\t\t\t\t<\/div>\n\t\t<\/section>\n\t\t\t\t<section class=\"elementor-section elementor-top-section elementor-element elementor-element-df8c307 elementor-section-boxed elementor-section-height-default elementor-section-height-default\" data-id=\"df8c307\" data-element_type=\"section\" data-e-type=\"section\">\n\t\t\t\t\t\t<div class=\"elementor-container elementor-column-gap-default\">\n\t\t\t\t\t<div class=\"elementor-column elementor-col-100 elementor-top-column elementor-element elementor-element-8eb52e6\" data-id=\"8eb52e6\" data-element_type=\"column\" data-e-type=\"column\">\n\t\t\t<div class=\"elementor-widget-wrap\">\n\t\t\t\t\t\t\t<\/div>\n\t\t<\/div>\n\t\t\t\t\t<\/div>\n\t\t<\/section>\n\t\t\t\t<section class=\"elementor-section elementor-top-section elementor-element elementor-element-46362b7 elementor-section-boxed elementor-section-height-default elementor-section-height-default\" data-id=\"46362b7\" data-element_type=\"section\" data-e-type=\"section\">\n\t\t\t\t\t\t<div class=\"elementor-container elementor-column-gap-default\">\n\t\t\t\t\t<div class=\"elementor-column elementor-col-100 elementor-top-column elementor-element elementor-element-a292207\" data-id=\"a292207\" data-element_type=\"column\" data-e-type=\"column\">\n\t\t\t<div class=\"elementor-widget-wrap elementor-element-populated\">\n\t\t\t\t\t\t<div class=\"elementor-element elementor-element-38e29e4 elementor-widget elementor-widget-text-editor\" data-id=\"38e29e4\" data-element_type=\"widget\" data-e-type=\"widget\" data-widget_type=\"text-editor.default\">\n\t\t\t\t<div class=\"elementor-widget-container\">\n\t\t\t\t\t\t\t\t\t<p>Vous souhaitez avoir des renseignements sur le club, savoir les modalit\u00e9s d\u2019inscriptions\u2026 Ou vous avez peut \u00eatre des questions. Rendez vous sur l&#8217;onglet &#8220;nous contacter&#8221; dans le menu.&nbsp; Remplissez le formulaire, notre \u00e9quipe vous r\u00e9pondra rapidement<\/p>\t\t\t\t\t\t\t\t<\/div>\n\t\t\t\t<\/div>\n\t\t\t\t\t<\/div>\n\t\t<\/div>\n\t\t\t\t\t<\/div>\n\t\t<\/section>\n\t\t\t\t<\/div>\n\t\t","protected":false},"excerpt":{"rendered":"<p>[vc_row][vc_column][vc_column_text]Pr\u00e9sid\u00e9e par une femme, Boc\u2019s Fighting d\u00e9fend des valeurs telle que l\u2019\u00e9galit\u00e9, la\u00a0 mixit\u00e9 et le respect de soi et des autres.\u00a0 Cr\u00e9\u00e9 en 2014 \u00e0 l\u2019initiative de Ari\u00e9tou CAMARA et Samba BOCAR titulaire du BPJEPS sport de contact et du DEJEPS ASEC, BOC\u2019S FIGHTING compos\u00e9e de 15 membres \u00e0 ses d\u00e9buts compte aujourd\u2019hui plus de 250 adh\u00e9rents.Si la pratique en loisir repr\u00e9sente le gros\u00a0\u00a0 des licenci\u00e9s, la comp\u00e9tition est \u00e9galement bien repr\u00e9sent\u00e9e. La derni\u00e8re saison 2022-2023, les jeunes combattants du club ont pu s\u2019illustrer dans plusieurs comp\u00e9titions d\u2019envergure r\u00e9gional ou national (kickboxing, K1rules, Grappling et MMA). Le cardio-fighting alliant renforcement musculaire et exercice li\u00e9 au kickboxing\u00a0\u00a0\u00a0 est un concept que nous mis en place depuis 2016. Avec une soixantaine de pratiquantes, cette activit\u00e9 sportive rencontre \u00e9galement un succ\u00e8s grandissant. Boc\u2019s Fighting\u00a0 est affili\u00e9 \u00e0 la FFKMDA\u00a0ainsi qu&#8217;\u00e0 la FMMAF ce qui lui permet de participer aux diverses comp\u00e9titions organis\u00e9 [&hellip;]<\/p>\n","protected":false},"author":1,"featured_media":0,"parent":0,"menu_order":0,"comment_status":"closed","ping_status":"closed","template":"","meta":{"_monsterinsights_skip_tracking":false,"_monsterinsights_sitenote_active":false,"_monsterinsights_sitenote_note":"","_monsterinsights_sitenote_category":0,"_price":"","_stock":"","_tribe_ticket_header":"","_tribe_default_ticket_provider":"","_tribe_ticket_capacity":"0","_ticket_start_date":"","_ticket_end_date":"","_tribe_ticket_show_description":"","_tribe_ticket_show_not_going":false,"_tribe_ticket_use_global_stock":"","_tribe_ticket_global_stock_level":"","_global_stock_mode":"","_global_stock_cap":"","_tribe_rsvp_for_event":"","_tribe_ticket_going_count":"","_tribe_ticket_not_going_count":"","_tribe_tickets_list":"[]","_tribe_ticket_has_attendee_info_fields":false,"footnotes":"","_tec_slr_enabled":"","_tec_slr_layout":""},"class_list":["post-78","page","type-page","status-publish","hentry"],"yoast_head":"<!-- This site is optimized with the Yoast SEO plugin v27.4 - https:\/\/yoast.com\/product\/yoast-seo-wordpress\/ -->\n<title>Le club - BOC&#039;S FIGHTING<\/title>\n<meta name=\"description\" content=\"Club de MMA (Mixed Martial Art), Kickboxing, K1, Grappling (Jiu-jitsu Br\u00e9silien No gi). Situ\u00e9 dans les Yvelines (78), Les Mureaux, Vernouillet Sur Seine.\" \/>\n<meta name=\"robots\" content=\"index, follow, max-snippet:-1, max-image-preview:large, max-video-preview:-1\" \/>\n<link rel=\"canonical\" href=\"https:\/\/bocsfighting.com\/\" \/>\n<meta property=\"og:locale\" content=\"fr_FR\" \/>\n<meta property=\"og:type\" content=\"article\" \/>\n<meta property=\"og:title\" content=\"Le club - BOC&#039;S FIGHTING\" \/>\n<meta property=\"og:description\" content=\"Club de MMA (Mixed Martial Art), Kickboxing, K1, Grappling (Jiu-jitsu Br\u00e9silien No gi). Situ\u00e9 dans les Yvelines (78), Les Mureaux, Vernouillet Sur Seine.\" \/>\n<meta property=\"og:url\" content=\"https:\/\/bocsfighting.com\/\" \/>\n<meta property=\"og:site_name\" content=\"BOC&#039;S FIGHTING\" \/>\n<meta property=\"article:publisher\" content=\"https:\/\/www.facebook.com\/p\/Boc-Fighting-Officiel-100064332836164\/?locale=fr_FR\" \/>\n<meta property=\"article:modified_time\" content=\"2025-04-24T23:09:15+00:00\" \/>\n<meta property=\"og:image\" content=\"https:\/\/bocsfighting.com\/wp-content\/uploads\/2023\/08\/logo-bfg.png\" \/>\n\t<meta property=\"og:image:width\" content=\"637\" \/>\n\t<meta property=\"og:image:height\" content=\"417\" \/>\n\t<meta property=\"og:image:type\" content=\"image\/png\" \/>\n<meta name=\"twitter:card\" content=\"summary_large_image\" \/>\n<meta name=\"twitter:label1\" content=\"Dur\u00e9e de lecture estim\u00e9e\" \/>\n\t<meta name=\"twitter:data1\" content=\"2 minutes\" \/>\n<script type=\"application\/ld+json\" class=\"yoast-schema-graph\">{\"@context\":\"https:\\\/\\\/schema.org\",\"@graph\":[{\"@type\":\"WebPage\",\"@id\":\"https:\\\/\\\/bocsfighting.com\\\/\",\"url\":\"https:\\\/\\\/bocsfighting.com\\\/\",\"name\":\"Le club - BOC&#039;S FIGHTING\",\"isPartOf\":{\"@id\":\"https:\\\/\\\/bocsfighting.com\\\/#website\"},\"datePublished\":\"2023-08-29T14:49:42+00:00\",\"dateModified\":\"2025-04-24T23:09:15+00:00\",\"description\":\"Club de MMA (Mixed Martial Art), Kickboxing, K1, Grappling (Jiu-jitsu Br\u00e9silien No gi). Situ\u00e9 dans les Yvelines (78), Les Mureaux, Vernouillet Sur Seine.\",\"breadcrumb\":{\"@id\":\"https:\\\/\\\/bocsfighting.com\\\/#breadcrumb\"},\"inLanguage\":\"fr-FR\",\"potentialAction\":[{\"@type\":\"ReadAction\",\"target\":[\"https:\\\/\\\/bocsfighting.com\\\/\"]}]},{\"@type\":\"BreadcrumbList\",\"@id\":\"https:\\\/\\\/bocsfighting.com\\\/#breadcrumb\",\"itemListElement\":[{\"@type\":\"ListItem\",\"position\":1,\"name\":\"Accueil\",\"item\":\"https:\\\/\\\/bocsfighting.com\\\/\"},{\"@type\":\"ListItem\",\"position\":2,\"name\":\"Le club\"}]},{\"@type\":\"WebSite\",\"@id\":\"https:\\\/\\\/bocsfighting.com\\\/#website\",\"url\":\"https:\\\/\\\/bocsfighting.com\\\/\",\"name\":\"BOC'S FIGHTING\",\"description\":\"Club de MMA \\\/ K1 KICKBOXING \\\/ JUJITSU BRESILIEN\",\"potentialAction\":[{\"@type\":\"SearchAction\",\"target\":{\"@type\":\"EntryPoint\",\"urlTemplate\":\"https:\\\/\\\/bocsfighting.com\\\/?s={search_term_string}\"},\"query-input\":{\"@type\":\"PropertyValueSpecification\",\"valueRequired\":true,\"valueName\":\"search_term_string\"}}],\"inLanguage\":\"fr-FR\"}]}<\/script>\n<!-- \/ Yoast SEO plugin. -->","yoast_head_json":{"title":"Le club - BOC&#039;S FIGHTING","description":"Club de MMA (Mixed Martial Art), Kickboxing, K1, Grappling (Jiu-jitsu Br\u00e9silien No gi). Situ\u00e9 dans les Yvelines (78), Les Mureaux, Vernouillet Sur Seine.","robots":{"index":"index","follow":"follow","max-snippet":"max-snippet:-1","max-image-preview":"max-image-preview:large","max-video-preview":"max-video-preview:-1"},"canonical":"https:\/\/bocsfighting.com\/","og_locale":"fr_FR","og_type":"article","og_title":"Le club - BOC&#039;S FIGHTING","og_description":"Club de MMA (Mixed Martial Art), Kickboxing, K1, Grappling (Jiu-jitsu Br\u00e9silien No gi). Situ\u00e9 dans les Yvelines (78), Les Mureaux, Vernouillet Sur Seine.","og_url":"https:\/\/bocsfighting.com\/","og_site_name":"BOC&#039;S FIGHTING","article_publisher":"https:\/\/www.facebook.com\/p\/Boc-Fighting-Officiel-100064332836164\/?locale=fr_FR","article_modified_time":"2025-04-24T23:09:15+00:00","og_image":[{"width":637,"height":417,"url":"https:\/\/bocsfighting.com\/wp-content\/uploads\/2023\/08\/logo-bfg.png","type":"image\/png"}],"twitter_card":"summary_large_image","twitter_misc":{"Dur\u00e9e de lecture estim\u00e9e":"2 minutes"},"schema":{"@context":"https:\/\/schema.org","@graph":[{"@type":"WebPage","@id":"https:\/\/bocsfighting.com\/","url":"https:\/\/bocsfighting.com\/","name":"Le club - BOC&#039;S FIGHTING","isPartOf":{"@id":"https:\/\/bocsfighting.com\/#website"},"datePublished":"2023-08-29T14:49:42+00:00","dateModified":"2025-04-24T23:09:15+00:00","description":"Club de MMA (Mixed Martial Art), Kickboxing, K1, Grappling (Jiu-jitsu Br\u00e9silien No gi). Situ\u00e9 dans les Yvelines (78), Les Mureaux, Vernouillet Sur Seine.","breadcrumb":{"@id":"https:\/\/bocsfighting.com\/#breadcrumb"},"inLanguage":"fr-FR","potentialAction":[{"@type":"ReadAction","target":["https:\/\/bocsfighting.com\/"]}]},{"@type":"BreadcrumbList","@id":"https:\/\/bocsfighting.com\/#breadcrumb","itemListElement":[{"@type":"ListItem","position":1,"name":"Accueil","item":"https:\/\/bocsfighting.com\/"},{"@type":"ListItem","position":2,"name":"Le club"}]},{"@type":"WebSite","@id":"https:\/\/bocsfighting.com\/#website","url":"https:\/\/bocsfighting.com\/","name":"BOC'S FIGHTING","description":"Club de MMA \/ K1 KICKBOXING \/ JUJITSU BRESILIEN","potentialAction":[{"@type":"SearchAction","target":{"@type":"EntryPoint","urlTemplate":"https:\/\/bocsfighting.com\/?s={search_term_string}"},"query-input":{"@type":"PropertyValueSpecification","valueRequired":true,"valueName":"search_term_string"}}],"inLanguage":"fr-FR"}]}},"ticketed":false,"_links":{"self":[{"href":"https:\/\/bocsfighting.com\/index.php\/wp-json\/wp\/v2\/pages\/78","targetHints":{"allow":["GET"]}}],"collection":[{"href":"https:\/\/bocsfighting.com\/index.php\/wp-json\/wp\/v2\/pages"}],"about":[{"href":"https:\/\/bocsfighting.com\/index.php\/wp-json\/wp\/v2\/types\/page"}],"author":[{"embeddable":true,"href":"https:\/\/bocsfighting.com\/index.php\/wp-json\/wp\/v2\/users\/1"}],"replies":[{"embeddable":true,"href":"https:\/\/bocsfighting.com\/index.php\/wp-json\/wp\/v2\/comments?post=78"}],"version-history":[{"count":49,"href":"https:\/\/bocsfighting.com\/index.php\/wp-json\/wp\/v2\/pages\/78\/revisions"}],"predecessor-version":[{"id":1120,"href":"https:\/\/bocsfighting.com\/index.php\/wp-json\/wp\/v2\/pages\/78\/revisions\/1120"}],"wp:attachment":[{"href":"https:\/\/bocsfighting.com\/index.php\/wp-json\/wp\/v2\/media?parent=78"}],"curies":[{"name":"wp","href":"https:\/\/api.w.org\/{rel}","templated":true}]}}